s of h.
7
Suppose -4*f - 4*j - 12 = 0, -f - 1 = -4*f - j. Let q(a) = 2*a**2 + 33*a + 10. Let c be q(-19). Suppose -3*i + c = f*i. What are the prime factors of i?
3, 7
Suppose 0 = b + 7 - 11. Suppose -b*z = -z - 108. What are the prime factors of z?
2, 3
Let v(t) = -29*t + 3. List the prime factors of v(-2).
61
Suppose 2*j - 4*c - 60 = c, -4*j + 108 = -4*c. What are the prime factors of j?
5
Suppose -3*f = -172 - 53. What are the prime factors of f?
3, 5
Suppose 3*r + 4*i = -0*i + 29, -4*i + 11 = -3*r. Suppose r*l - 10 = -4, -32 = -4*q - 4*l. What are the prime factors of q?
2, 3
Let l(v) be the third derivative of v**5/20 + v**4/12 + v**3/6 + v**2. Let n be ((-1)/3)/(1/3). What are the prime factors of l(n)?
2
Let m(h) = 10*h + 4. Let r(s) = -7*s - 3. Let b(a) = -5*m(a) - 7*r(a). Let y(q) = q**3 - 8*q**2 - 2*q + 7. Let u be y(8). What are the prime factors of b(u)?
2, 5
Suppose 2*b = -10, -2*r = -3*b - 127 - 6. List the prime factors of r.
59
Suppose n = 4*n - 6. Let i be n/(-3) - 11/(-3). Suppose -3*w + i = -12. List the prime factors of w.
5
Suppose 0*s = 4*s - 4*z - 132, 3*z + 37 = s. List the prime factors of s.
31
Suppose 4*z - 11 = 9. Let m = z + -3. What are the prime factors of m?
2
Let p be (-7 + 6)*(-4)/2. Let m(u) = -2*u - p*u + u**2 + 2 + 0. List the prime factors of m(5).
7
Let z = 280 - 135. Suppose 3*x - z = 4*y, 0 = -3*y + 6*y + 5*x + 145. What are the prime factors of ((-4)/10)/(2/y)?
2
Suppose 0 = -2*c + m - 18, 3 - 15 = -3*m. Let u(a) = a. Let s(o) = 1. Let k(i) = -5*s(i) - u(i). List the prime factors of k(c).
2
Suppose -2*p = -162 - 44. List the prime factors of p.
103
Let i be (1 - -1 - 3)*-4. Suppose -a + 35 = -i*k, -192 = 2*a - 7*a + 3*k. What are the prime factors of a?
3, 13
List the prime factors of (9 - 5)*((-27)/(-12) - 1).
5
Let u(v) = -v**2 + 6*v - 6. Let d be u(3). Suppose 64 = -2*p + 6*p. Suppose q + p = d*q. What are the prime factors of q?
2
Let l(o) be the second derivative of 7*o**4/3 - o**3/3 + o**2/2 - 4*o. What are the prime factors of l(1)?
3
Let d(m) = m**3 + 3*m**2 - 6*m + 6. What are the prime factors of d(4)?
2, 47
Let h = 582 + -415. What are the prime factors of h?
167
What are the prime factors of 35*(2 + (-30)/(-21))?
2, 3, 5
Let b be ((-8)/(-4) + -16)/2. Let f(c) = -5*c + 7. What are the prime factors of f(b)?
2, 3, 7
Let q = -1 + 3. Suppose 0 = 3*t + 9, -q*t = -a - 2 + 10. What are the prime factors of a?
2
List the prime factors of 6/9*(-387)/(-3).
2, 43
Let m(q) = 2*q**2 - q + 46. What are the prime factors of m(-8)?
2, 7, 13
What are the prime factors of (-3)/(-9)*(120 + -9)?
37
Let s(z) = -z**2 - 5*z + 7. Suppose 9 = 4*c + 33. Let u be s(c). Suppose j = 11 - u. List the prime factors of j.
2, 5
Let p(q) = 2*q**3 - 1. Let s be p(1). Suppose -s = 5*f - 6. Suppose -2*n + 19 + f = 0. What are the prime factors of n?
2, 5
Let g be 2*((-12)/(-4) - 2). Suppose 9 = -g*y + 5*y. List the prime factors of y.
3
Let y be 0 - 0*3/(-6). Let k be -5*(2 - 3 - y). Suppose 9 = k*d + 2*s - 63, -s = 3*d - 44. What are the prime factors of d?
2
Let l(n) = n - 7. Let p(s) = -s**2 + 10. Let f be p(0). List the prime factors of l(f).
3
Let z be 592/14 + 6/(-21). List the prime factors of (z/5)/(33/110).
2, 7
Let v be 2/(-8) + (-184)/32. What are the prime factors of (-1)/((v/123)/2)?
41
Let n = 22 - -17. What are the prime factors of n?
3, 13
Let x = -35 + 78. What are the prime factors of x?
43
Let z be (4 + 0)*(-42)/8. What are the prime factors of (z/(-6) - 3)*14?
7
Suppose 4*s - 194 = -0*s + 2*l, -5*l + 91 = 2*s. What are the prime factors of s?
2, 3
Suppose -x = 3, 0*f - 849 = -4*f - x. List the prime factors of f.
3, 71
Let i = 110 + -75. List the prime factors of i.
5, 7
Suppose 0 = -3*p - 6, 2*c + 4*p - 73 = -15. What are the prime factors of c?
3, 11
Suppose 4*l = 5*y + 8, 8 = 4*l + 5*y - 0. Suppose l*v + 3*v = 85. List the prime factors of v.
17
Let o(d) = -d**3 - 8*d**2 + 11*d + 10. Let s be o(-9). Let h = s + 10. List the prime factors of -1*2 - (h + -11).
7
Let n(g) = g**2 - 5*g + 2. Let z be 2/(-4) - (-13)/(-2). Let d = z + 13. List the prime factors of n(d).
2
Let y = 95 - 68. List the prime factors of y.
3
Suppose 3*t = -2*i + 3*i - 216, 5*i + 4*t - 1004 = 0. List the prime factors of i.
2, 3, 17
Suppose 3*h = -4*t - 0*h + 445, 0 = 5*t - h - 561. List the prime factors of t.
2, 7
Let d be -3*(-2 - 12/9). Suppose 178 = 4*q + d. Suppose 6*s - 3*s = q. List the prime factors of s.
2, 7
Let t = 29 + -26. What are the prime factors of t?
3
Let b(a) be the third derivative of a**5/60 - a**4/4 - a**3/6 + 2*a**2. List the prime factors of b(8).
3, 5
Let k(y) = -y**2 + 8*y - 4. Let b be k(6). Suppose -b = 2*q + 4*f, 0*f = 4*q - f - 20. List the prime factors of q.
2
Suppose 3*x = 8*x + 185. Let c = 78 + x. What are the prime factors of c?
41
List the prime factors of (2307/(-9) + 1)/(4/(-6)).
383
Suppose 8*d - 13*d + 920 = 0. List the prime factors of d.
2, 23
Suppose j + 4*j + 177 = 3*d, 4*d = -j + 259. What are the prime factors of d?
2
Suppose 5*t + 0*t = 25. Suppose -2*p + z = -23, z - 6*z + t = 0. List the prime factors of p.
2, 3
Let m = -38 + 14. Let y = m - -14. Let g = y + 22. List the prime factors of g.
2, 3
Suppose -4*k = -0*k - 132. Suppose 3*f + 15 = k. What are the prime factors of f?
2, 3
Let w be -5*((-24)/10 - -2). Suppose w*s - 3 - 1 = 0. What are the prime factors of s?
2
Suppose 3*l - 17 = -4*h + 19, 3*h = -2*l + 27. List the prime factors of h.
3
Suppose -3*g + 424 = -2*m, 4*g + m - 537 = -2*m. List the prime factors of g.
2, 3, 23
Let n(x) = -x**2 - 5*x + 1. Suppose 6*z + 2*k = z - 20, -z - 4 = k. Let l be n(z). Suppose -l*w + a + 34 = 4*a, -5*a - 34 = -3*w. List the prime factors of w.
2
Let b(g) = g. Let p = 8 + -3. Let j be b(p). Let m = j + -1. List the prime factors of m.
2
Let g(p) be the third derivative of 1/15*p**5 + 0*p + 3*p**2 + 1/6*p**3 - 1/24*p**4 + 0. What are the prime factors of g(1)?
2
Let f(h) = 2*h**3 + 2*h**2 - 2*h + 1. What are the prime factors of f(2)?
3, 7
Suppose g = 5*q - q, -4*g = 2*q. Suppose -t - 2*t + 69 = q. What are the prime factors of t?
23
Let j be (-856)/32 + 1/(-4). Let r = j + 57. Suppose -3*m = -0*m - r. What are the prime factors of m?
2, 5
Let i(x) = x**3 - 10*x**2 + 8*x + 10. Let c be i(9). What are the prime factors of 1 + c - (-20 - 4)?
2, 13
Let c(z) = 2*z - 1. Let t(s) = s**3 + 8*s**2 + 5*s - 10. Let o be t(-7). What are the prime factors of c(o)?
7
Let v(i) = 12*i. List the prime factors of v(3).
2, 3
Suppose 3*p - 135 = -3*j + j, -3 = j. List the prime factors of p.
47
Suppose 2 = h - 1. Suppose 0 = h*f - 2*r - 0*r - 86, -5*f + 3*r = -142. List the prime factors of f.
2, 13
Let d be (3/12)/((-3)/(-24)). Let v(h) = 10*h - 13. Let x(t) = -5*t + 6. Let y(j) = -3*v(j) - 7*x(j). List the prime factors of y(d).
7
Let m be 17/4 - 9/(-12). Let b be (-3 - (-2 + 1))/(-2). Let a = m + b. What are the prime factors of a?
2, 3
Let h = 147 - 16. List the prime factors of h.
131
Let q be (-2)/((-1)/2 + 0). Suppose -3*s - 3*g - g + 43 = 0, 3*g - 62 = -q*s. What are the prime factors of s?
17
Let o be (-225)/(-10)*8/6. Let i = 20 - o. Let g = i - -15. What are the prime factors of g?
5
Let u = 346 + -234. What are the prime factors of u?
2, 7
Suppose 0*z + 12 = -4*z. Let i = z - -9. List the prime factors of i.
2, 3
Let t = -1 + 0. Suppose 5*q - 35 = 10*q. Let b = t - q. What are the prime factors of b?
2, 3
Suppose -3*g + a + 11 = 0, 4*g + 2*a - 46 = -18. Let f(n) be the second derivative of n**3/3 - n**2 + n. List the prime factors of f(g).
2
Let t(v) = -5*v - 1. Let j be t(-2). Let z = j + -3. List the prime factors of 38/z - 6/(-9).
7
Suppose -6*s + 3*s + 3*t - 33 = 0, 4*s + t + 39 = 0. Let l(b) = -b**3 - 10*b**2 - b - 6. List the prime factors of l(s).
2
Let x = 3 + -1. Suppose 5*b - 80 = 7*r - x*r, -2*b + 3*r = -31. What are the prime factors of b?
17
Let o = -64 - -45. Let y = -3 - o. List the prime factors of y.
2
Suppose 3*w - 126 = d + 26, 2*w = 4*d + 98. What are the prime factors of w?
3, 17
Suppose 6*m = 2*m + 248. List the prime factors of m.
2, 31
Let q(a) = a**2 - 2*a - 2. Let m be (-41)/(-4) + (-7)/28. Suppose p + m = 3*p. What are the prime factors of q(p)?
13
Let d = -27 - -104. What are the prime factors of d?
7, 11
Suppose -2*